3 - 954*m**2. Let g = 1909 - 1920. Determine y(g).
-4
Suppose 2*a - 2*w = -a - 239, -244 = 3*a - w. Let l = 86 + a. Let d(k) = -k**3 + 3*k**2 - 3*k - 2. Calculate d(l).
-11
Let z(s) = -349*s + 589. Let g(k) = -70*k + 107. Let w(h) = -11*g(h) + 2*z(h). Calculate w(2).
145
Let t(x) = x**2 - 6*x + 7. Let c be t(5). Suppose -c*f + 2 = 14. Let n(m) be the first derivative of -m**4/4 - 2*m**3 - m**2 - 6*m + 450. Calculate n(f).
6
Let t(w) be the third derivative of w**5/60 - w**4/24 - 4*w**3/3 + w**2 + 2*w - 184. What is t(-9)?
82
Let c be ((-148)/111)/(1*(-4)/(-12)). Let l(k) = -k**2 - 4*k - 3. Give l(c).
-3
Let n(b) = -9 - 25*b + 5*b + 10*b + 8*b. Let l(p) = -p**2 - 16*p + 12. Let f be l(-17). Give n(f).
1
Let g(i) = -13*i**3 + 14*i**2 + 7*i - 25. Let v(j) = -6*j**3 + 6*j**2 + j - 12. Let x(p) = 2*g(p) - 5*v(p). What is x(-1)?
-5
Suppose 0 = -5*n + 8*n - 12. Suppose -n*h - 6*m + 5*m = -427, 10 = -2*m. Let k = h - 103. Let t(b) = -b**3 + 6*b**2 - 2*b - 5. What is t(k)?
10
Let x(k) = k - 2. Let j(u) = 195*u. Let r be j(1). Let d = -190 + r. What is x(d)?
3
Let w(f) = f. Suppose c + 0*q + 5*q + 38 = 0, 5*q + 152 = -4*c. Let b = 28 + c. Let l be b - (-3 - -4 - 4). Determine w(l).
-7
Let n(p) = 14*p**2. Let b(s) = 7*s**3 - 8*s**3 + 3 - 8 + 6*s**2 - 7*s. Let y be b(4). What is n(y)?
14
Let p(l) = -3 - 31 - l + 0 - 15. What is p(-17)?
-32
Let k be 68/(-12) + 2/(-6). Let b = 6 - 4. Let f(u) = -2*u + 8*u - 8 + 18*u**b - 17*u**2. Give f(k).
-8
Let o be (-13)/(325/15) + (364/65 - 6). Let m(g) = 1 - g**3 - 2*g + 4*g - g**2 + 2*g**2. Determine m(o).
1
Let k(x) be the second derivative of -x**5/10 + x**4/6 - x**3/3 - x**2 + 83*x + 7. Calculate k(2).
-14
Suppose 1160 = 1593*y - 1589*y. Let b = -287 + y. Let p(i) = i**3 - i**2 - 3*i - 4. Give p(b).
5
Let r(a) be the first derivative of -a**4/2 - 2*a**3 - a**2 + a + 654. Give r(-2).
-3
Let l(b) = 366*b - 5485. Let m be l(15). Let a(f) = -f**3 + 3*f**2 + 8*f - 7. Determine a(m).
-17
Suppose 2*d + 111 = -3*i - d, d + 5 = 0. Let w be i/(-240) + (-13)/(-15). Let p(v) = v. Let y(k) = 4*k + 6. Let r(j) = w*y(j) - 6*p(j). Calculate r(6).
-6
Let p(q) be the third derivative of 0 + 1/2*q**3 - 61*q**2 - 1/6*q**4 + 2*q. Give p(3).
-9
Let s(x) = -x**3 + 2*x**2 - x + 96. Let h be s(0). Suppose -21*w = 3*w + h. Let p(l) = -l**3 - 4*l**2 + l. Determine p(w).
-4
Let b(t) = -2*t**2 - 4*t - 4. Suppose d - 4 = 4*d + 5*c, d = -3*c. Give b(d).
-10
Suppose -12*m - 10 = x - 17*m, 6 = 5*x + 3*m. Suppose x*j - 17*j - 221 = 0. Let c(f) = -f**2 - 13*f + 8. What is c(j)?
8
Let v(a) be the first derivative of a**3/3 + 15*a**2/2 - 60. What is v(-12)?
-36
Let s(j) = -j**3 - j + 2. Let q be (40/(-28))/(9/(-63)). Let h(w) = -20*w + 201. Let l be h(q). Give s(l).
0
Suppose -113*c + 1265 = 813. Let n(k) be the third derivative of 0*k + 1/3*k**3 - 18*k**2 + 0 - 1/24*k**c. Give n(2).
0
Let u(b) be the second derivative of 5*b**3/6 - 17*b**2/2 - 1200*b. Give u(5).
8
Let w(n) = 3*n + 8. Suppose -35*f + 130 = -535. Suppose z + 2*z + f = -r, 27 = -5*z + 3*r. Give w(z).
-10
Let c(r) = r**3 - 3*r**2 - 4*r + 6. Let x = -263 - -266. Let p be c(x). Let y(n) = n**2 + 7*n + 2. Give y(p).
-4
Suppose -4*x = 5*u + 639, -5*u + 166 = 3*x - 4*x. Let c = 150 + x. Let a(n) = n**3 + 11*n**2 - n + 6. What is a(c)?
17
Suppose 3*n - 4*s = 10, 4*s - 11 + 7 = -4*n. Let v(y) = n*y**2 + 499 - 8*y**3 - 500 - y**2. Let j be (2 - 1)/(3/3). Determine v(j).
-8
Let f(t) be the second derivative of t**5/60 - t**4/3 - t**3/6 + 43*t**2/2 - 9*t - 2. Let a(o) be the first derivative of f(o). Calculate a(8).
-1
Let t be (-5)/3 - (2/11 - (-170932)/9966). Let o(f) = -12*f - 237. Calculate o(t).
-9
Let x be 5 + 0 + (14 - 17). Let j(p) = -p**3 + 5*p**2 - 3*p + 4. Let v(y) = 5*y**3 - 20*y**2 + 11*y - 16. Let a(u) = x*v(u) + 9*j(u). Give a(-6).
-2
Let q(p) = p**2 - 6*p + 7. Let n be q(3). Let m(o) = -o + 2. Let r be m(n). Suppose -r*g = -g. Let y(u) = -u**3 - u**2 + u. Calculate y(g).
0
Let f = 4068 + -4063. Let j(u) = -u**3 + 6*u**2 - 5*u - 18. Give j(f).
-18
Let g(m) = 3*m + 58. Let b = -1227 + 1206. What is g(b)?
-5
Let v(r) = 5*r + 2*r + 5 - 447*r**3 - 28*r**2 + 34*r**2 + 448*r**3. Determine v(-4).
9
Suppose 2*u + 4*j = -j + 15, -2*u + 3 = j. Suppose 5*c + 5*q - 3 - 12 = u, 5*q + 6 = 2*c. Let g(i) = 10*i - 2 - 11*i - 1 + 7*i**2 - 5*i**2. Calculate g(c).
12
Suppose 0 = -3*r + 19 - 1. Let j(m) = -m**3 + 4*m**2 - 2*m + 43. Let s be j(5). Let w(g) = -4*g**2 + 20 + s*g + 3*g**2 - 3*g - 49 + 27. Determine w(r).
-8
Suppose 71 = 16*o - 41. Let z(u) = 2*u**2 - 14*u - 11. Let v be z(o). Let w(l) = -l**2 - 10*l. Determine w(v).
-11
Let p(r) be the second derivative of -8*r**3/3 - 3*r**2/2 - r - 130. Calculate p(-6).
93
Let l(c) = -2*c**3 + 7*c**2 - 2*c - 10. Let w be l(2). Let g(x) = 5*x**3 + 2*x**2 - 1. What is g(w)?
-33
Let y = 160 - 162. Let r be (y - (-16)/10)*-5. Let c(b) = -5*b**2 + 4*b + 2. Determine c(r).
-10
Let h(j) = -41*j - 30. Let q(t) = -33*t - 34. Let i(u) = 4*h(u) - 5*q(u). Determine i(-14).
36
Suppose 480*r - 56 = 452*r. Let x(g) = 6*g**2 - 2*g - 1. Let s be x(-6). Let a(h) = -5*h**r + 5 + 219*h - h**2 - s*h + h**3. What is a(7)?
-2
Let k(p) = p**2 + 7*p + 7. Let z(l) = -2*l**3 - 7*l**2 - 5*l - 4. Let u be z(-3). Suppose 11 = -u*n - 3. Give k(n).
7
Let f(v) = 4*v + 17 + v + 68 - 19. What is f(-11)?
11
Suppose c = 11 - 9. Let d(o) be the second derivative of -o**5/60 + o**4/12 - o**3/6 + 2*o**2 + o. Let q(g) be the first derivative of d(g). Determine q(c).
-1
Suppose 24 = -5*w - x, x = -30*w + 33*w + 16. Let u(n) = -7*n**3 + 4*n - 2. Let f(d) = -6*d**3 + 4*d - 2. Let j(h) = w*u(h) + 6*f(h). What is j(2)?
-2
Let o = -18 - -39. Let n(b) = 8*b - 8. Suppose -k = -19*c + 17*c + 7, 2*c - 10 = 4*k. Let z(g) = -g + 1. Let f(y) = c*n(y) + o*z(y). Calculate f(3).
6
Let k(z) = 218*z**2 - 15 + 114*z**2 + 12*z - 333*z**2. Give k(13).
-28
Let b(k) = -14434*k**2 + k**3 - 20 + 15*k + 14420*k**2 + 0. Calculate b(13).
6
Let s = 14 + -10. Let k(a) = -28*a - 1810. Let r be k(-65). Let c(p) = -p - s*p - r - p + 7*p. Calculate c(9).
-1
Let j(l) = -l**2 + 2*l**2 - 5*l - 2*l**2 + 2 + 2 + 10*l - 3*l. Suppose -2*c - 5*u + 11 = 0, -13 - 3 = -4*c - 4*u. Calculate j(c).
1
Suppose 2*v - 21 = 3*t + v, 2*t + 4*v + 14 = 0. Let k(w) be the second derivative of 2*w**3/3 - 2*w**2 + 22*w + 29. Calculate k(t).
-32
Suppose -5*b - 3*z - 21 = -71, -3*b + 5*z = 4. Let t be 2 + -17 + (b + 1)/4. Let m(l) = l**2 + 12*l + 1. Determine m(t).
14
Suppose 5*y = 150*d - 152*d - 4, 0 = 5*y - 5*d - 45. Let z(x) be the first derivative of 1/3*x**3 + 8 - x**y + 2*x. Determine z(4).
10
Let p(r) = -16*r + r**3 + 337*r**2 - 11*r - 369*r**2 + 0*r**3 - 6*r + 1. Give p(33).
1
Let c(z) = z**3 + 6*z**2 + 11*z + 9. Let g be 1 - (-24)/(-90)*18 - 3/15. Calculate c(g).
-3
Let a be 17 + (-2175)/125 - (-83)/(-5). Let f(i) = -i**3 - 16*i**2 + 19*i - 22. Determine f(a).
-56
Let t(i) = 48*i**2 - 4*i + 3. Let h(m) = 2*m**2 + m - 1127. Let y be h(-24). What is t(y)?
47
Let x(p) = p + 10. Let z(s) = -16*s - 31. Let g be z(-7). Let f be ((-2)/2 + g)*28/35. Suppose 3*y = 9, 4*d - 5*y + f - 17 = 0. What is x(d)?
2
Let v(x) be the second derivative of -x**8/6720 - x**7/630 - x**6/360 - x**5/120 - 13*x**4/3 + x - 1. Let q(w) be the third derivative of v(w). Calculate q(-4).
7
Let l(j) be the first derivative of 1/4*j**4 - 80 - 8/3*j**3 - 11*j - 7/2*j**2. Let p(a) = -a + 5. Let r be p(-4). Give l(r).
7
Let s(u) = -4*u**2 - 9*u + 4. Let h(k) = -k**2 - k. Let t(i) = -5*h(i) + s(i). Let y = -35 - -39. Suppose -11 = -y*l + a, -5*l + 3*a + 14 - 2 = 0. Give t(l).
1
Let w be 1192*(-4)/(-8) + 5. Let g = w - 600. Let y(d) = 10*d**2 + 1. What is y(g)?
11
Let z(l) = 3*l + 5. Let y(j) = 0 - 19 - 15 - 4 + 13*j + 11. Let v be y(2). Give z(v).
2
Let z(c) = -40*c + 78. Let r(b) = 21*b - 39. Let y(w) = -13*r(w) - 6*z(w). What is y(1)?
6
Let d(k) = k**3 - 8*k**2 - 6*k - 29. Suppose 16*c = 4*w + 2*c - 64, -2*w + 2*c + 22 = 0. Determine d(w).
-2
Let l(j) = 35*j + 556. Let x(h) = -17*h - 268. Let y(c) = -12*l(c) - 25*x(c). What is y(-7)?
-7
Suppose -2*s - 24 = 2*o, o + 3*o = 4*s + 16. Let k(c) = 39*c - 5 - 37*c - 8 - 8. Let r(z) = -5*z + 45. Let g(v) = -7*k(v) - 3*r(v). Determine g(s).
4
Let x(m) = m**2 + 4*m - 18. Let c be x(3). Let y(n) = 15*n + 0 + 9 + 4*n + n**3 - 4*n - c*n + 